{"id":29477,"date":"2025-05-04T07:41:15","date_gmt":"2025-05-04T07:41:15","guid":{"rendered":"https:\/\/wp.storebuild.shop\/agntix\/?page_id=29477"},"modified":"2025-05-04T07:41:15","modified_gmt":"2025-05-04T07:41:15","slug":"portfolio-perspective-slider","status":"publish","type":"page","link":"https:\/\/wp.aqlova.com\/agntix\/portfolios\/portfolio-perspective-slider\/","title":{"rendered":"Portfolio Perspective Slider"},"content":{"rendered":"\t\t<div data-elementor-type=\"wp-page\" data-elementor-id=\"29477\" class=\"elementor elementor-29477\">\n\t\t\t\t<div class=\"elementor-element elementor-element-4eba5e2 e-flex e-con-boxed e-con e-parent\" data-id=\"4eba5e2\" data-element_type=\"container\">\n\t\t\t\t\t<div class=\"e-con-inner\">\n\t\t\t\t<div class=\"elementor-element elementor-element-72eac4a elementor-widget elementor-widget-tp-full-screen-showcase-carousel-slider\" data-id=\"72eac4a\" data-element_type=\"widget\" data-widget_type=\"tp-full-screen-showcase-carousel-slider.default\">\n\t\t\t\t<div class=\"elementor-widget-container\">\n\t\t\t\t\t        <!-- PERSPECTIVE PORTFOLIO -->\n        <div class=\"tp-perspective-area\">\n            <div class=\"container container-1685\">\n                <div class=\"row\">\n                    <div class=\"col-xl-12\">\n                        <div class=\"tp-perspective-slider tp-el-item\">\n                                                            <div class=\"tp-perspective-main\">\n                                    <div class=\"tp-perspective-inner\">\n                                        <div class=\"tp-perspective-image tp-el-item-img\"\n                                            style=\"background-image: url('https:\/\/wp.aqlova.com\/agntix\/portfolios\/wp-content\/uploads\/sites\/26\/2025\/05\/skew-5-1.jpg')\">\n                                            <div class=\"tp-perspective-content\">\n                                                                                                    <span\n                                                        class=\"tp-perspective-category tp_reveal_anim tp-el-subtitle\">Branding<\/span>\n                                                                                                                                                    <h1 class=\"tp-perspective-title tp_reveal_anim not-hide-cursor tp-el-title\"\n                                                        data-cursor=\"View &lt;br&gt; Demo\">\n                                                        <a class=\"cursor-hide\" href=\"https:\/\/wp.aqlova.com\/agntix\/portfolios\/tp-portfolios\/portfolio-details-gallery\/\" target=\"_self\" rel=\"nofollow\">\n                                                            Keepgrading                                                        <\/a>\n                                                    <\/h1>\n                                                                                            <\/div>\n                                        <\/div>\n                                    <\/div>\n                                <\/div>\n                                                            <div class=\"tp-perspective-main\">\n                                    <div class=\"tp-perspective-inner\">\n                                        <div class=\"tp-perspective-image tp-el-item-img\"\n                                            style=\"background-image: url('https:\/\/wp.aqlova.com\/agntix\/portfolios\/wp-content\/uploads\/sites\/26\/2025\/05\/slider-2-1-1.jpg')\">\n                                            <div class=\"tp-perspective-content\">\n                                                                                                    <span\n                                                        class=\"tp-perspective-category tp_reveal_anim tp-el-subtitle\">Branding<\/span>\n                                                                                                                                                    <h1 class=\"tp-perspective-title tp_reveal_anim not-hide-cursor tp-el-title\"\n                                                        data-cursor=\"View Demo\">\n                                                        <a class=\"cursor-hide\" href=\"https:\/\/wp.aqlova.com\/agntix\/portfolios\/tp-portfolios\/portfolio-details-gallery\/\" target=\"_self\" rel=\"nofollow\">\n                                                            Gr\u00e1fico                                                        <\/a>\n                                                    <\/h1>\n                                                                                            <\/div>\n                                        <\/div>\n                                    <\/div>\n                                <\/div>\n                                                            <div class=\"tp-perspective-main\">\n                                    <div class=\"tp-perspective-inner\">\n                                        <div class=\"tp-perspective-image tp-el-item-img\"\n                                            style=\"background-image: url('https:\/\/wp.aqlova.com\/agntix\/portfolios\/wp-content\/uploads\/sites\/26\/2025\/05\/slider-4-1-1.jpg')\">\n                                            <div class=\"tp-perspective-content\">\n                                                                                                    <span\n                                                        class=\"tp-perspective-category tp_reveal_anim tp-el-subtitle\">Branding<\/span>\n                                                                                                                                                    <h1 class=\"tp-perspective-title tp_reveal_anim not-hide-cursor tp-el-title\"\n                                                        data-cursor=\"View Demo\">\n                                                        <a class=\"cursor-hide\" href=\"https:\/\/wp.aqlova.com\/agntix\/portfolios\/tp-portfolios\/portfolio-details-gallery\/\" target=\"_self\" rel=\"nofollow\">\n                                                            Dise\u00f1o                                                        <\/a>\n                                                    <\/h1>\n                                                                                            <\/div>\n                                        <\/div>\n                                    <\/div>\n                                <\/div>\n                                                            <div class=\"tp-perspective-main\">\n                                    <div class=\"tp-perspective-inner\">\n                                        <div class=\"tp-perspective-image tp-el-item-img\"\n                                            style=\"background-image: url('https:\/\/wp.aqlova.com\/agntix\/portfolios\/wp-content\/uploads\/sites\/26\/2025\/05\/slider-5-1-1.jpg')\">\n                                            <div class=\"tp-perspective-content\">\n                                                                                                    <span\n                                                        class=\"tp-perspective-category tp_reveal_anim tp-el-subtitle\">Branding<\/span>\n                                                                                                                                                    <h1 class=\"tp-perspective-title tp_reveal_anim not-hide-cursor tp-el-title\"\n                                                        data-cursor=\"View Demo\">\n                                                        <a class=\"cursor-hide\" href=\"https:\/\/wp.aqlova.com\/agntix\/portfolios\/tp-portfolios\/portfolio-details-gallery\/\" target=\"_self\" rel=\"nofollow\">\n                                                            Keepgrading                                                        <\/a>\n                                                    <\/h1>\n                                                                                            <\/div>\n                                        <\/div>\n                                    <\/div>\n                                <\/div>\n                                                            <div class=\"tp-perspective-main\">\n                                    <div class=\"tp-perspective-inner\">\n                                        <div class=\"tp-perspective-image tp-el-item-img\"\n                                            style=\"background-image: url('https:\/\/wp.aqlova.com\/agntix\/portfolios\/wp-content\/uploads\/sites\/26\/2025\/05\/cr-slider-1-1.jpg')\">\n                                            <div class=\"tp-perspective-content\">\n                                                                                                    <span\n                                                        class=\"tp-perspective-category tp_reveal_anim tp-el-subtitle\">Branding<\/span>\n                                                                                                                                                    <h1 class=\"tp-perspective-title tp_reveal_anim not-hide-cursor tp-el-title\"\n                                                        data-cursor=\"View Demo\">\n                                                        <a class=\"cursor-hide\" href=\"https:\/\/wp.aqlova.com\/agntix\/portfolios\/tp-portfolios\/portfolio-details-gallery\/\" target=\"_self\" rel=\"nofollow\">\n                                                            Stickers Pack                                                        <\/a>\n                                                    <\/h1>\n                                                                                            <\/div>\n                                        <\/div>\n                                    <\/div>\n                                <\/div>\n                                                            <div class=\"tp-perspective-main\">\n                                    <div class=\"tp-perspective-inner\">\n                                        <div class=\"tp-perspective-image tp-el-item-img\"\n                                            style=\"background-image: url('https:\/\/wp.aqlova.com\/agntix\/portfolios\/wp-content\/uploads\/sites\/26\/2025\/05\/slider-6-1.jpg')\">\n                                            <div class=\"tp-perspective-content\">\n                                                                                                    <span\n                                                        class=\"tp-perspective-category tp_reveal_anim tp-el-subtitle\">Branding<\/span>\n                                                                                                                                                    <h1 class=\"tp-perspective-title tp_reveal_anim not-hide-cursor tp-el-title\"\n                                                        data-cursor=\"View Demo\">\n                                                        <a class=\"cursor-hide\" href=\"https:\/\/wp.aqlova.com\/agntix\/portfolios\/tp-portfolios\/portfolio-details-gallery\/\" target=\"_self\" rel=\"nofollow\">\n                                                            Din\u00e1mica                                                        <\/a>\n                                                    <\/h1>\n                                                                                            <\/div>\n                                        <\/div>\n                                    <\/div>\n                                <\/div>\n                                                    <\/div>\n                    <\/div>\n                <\/div>\n            <\/div>\n        <\/div>\n\n        <!--  PERSPECTIVE PORTFOLIO -->\n\n        \t\t\t\t<\/div>\n\t\t\t\t<\/div>\n\t\t\t\t\t<\/div>\n\t\t\t\t<\/div>\n\t\t\t\t<\/div>\n\t\t","protected":false},"excerpt":{"rendered":"<p>Branding Keepgrading Branding Gr\u00e1fico Branding Dise\u00f1o Branding Keepgrading Branding Stickers Pack Branding Din\u00e1mica<\/p>\n","protected":false},"author":1,"featured_media":0,"parent":0,"menu_order":0,"comment_status":"closed","ping_status":"closed","template":"elementor_header_footer","meta":{"footnotes":""},"class_list":["post-29477","page","type-page","status-publish","hentry"],"_links":{"self":[{"href":"https:\/\/wp.aqlova.com\/agntix\/portfolios\/wp-json\/wp\/v2\/pages\/29477","targetHints":{"allow":["GET"]}}],"collection":[{"href":"https:\/\/wp.aqlova.com\/agntix\/portfolios\/wp-json\/wp\/v2\/pages"}],"about":[{"href":"https:\/\/wp.aqlova.com\/agntix\/portfolios\/wp-json\/wp\/v2\/types\/page"}],"author":[{"embeddable":true,"href":"https:\/\/wp.aqlova.com\/agntix\/portfolios\/wp-json\/wp\/v2\/users\/1"}],"replies":[{"embeddable":true,"href":"https:\/\/wp.aqlova.com\/agntix\/portfolios\/wp-json\/wp\/v2\/comments?post=29477"}],"version-history":[{"count":0,"href":"https:\/\/wp.aqlova.com\/agntix\/portfolios\/wp-json\/wp\/v2\/pages\/29477\/revisions"}],"wp:attachment":[{"href":"https:\/\/wp.aqlova.com\/agntix\/portfolios\/wp-json\/wp\/v2\/media?parent=29477"}],"curies":[{"name":"wp","href":"https:\/\/api.w.org\/{rel}","templated":true}]}}